{"id":23,"date":"2010-11-13T21:45:44","date_gmt":"2010-11-13T21:45:44","guid":{"rendered":"http:\/\/www.richardcarbonaro.com\/wordpress\/?page_id=5"},"modified":"2026-02-25T13:02:11","modified_gmt":"2026-02-25T13:02:11","slug":"pubs","status":"publish","type":"page","link":"https:\/\/rich.carbonaro.me\/wordpress\/index.php\/pubs\/","title":{"rendered":"Publications"},"content":{"rendered":"\r\n<h1 class=\"wp-block-heading\">JOURNAL ARTICLES<\/h1>\r\n\r\n\r\n\r\n<ol>\r\n\r\n<li style=\"padding-left:10px;\">Carbonaro, R.F.; Torralba-Sanchez, T; Christensen, K. P.; Butler, J.D.; Hedgpeth, B.M.; Redman, A.D. &#8220;A Meta Analysis of Acute and Chronic Major Ion Toxicity to <em>Ceriodaphnia dubia<\/em>&#8221; <i>Environmental Toxicology and Chemistry<\/i> 2026 (accepted)<br>\r\n\r\n\r\n<li style=\"padding-left:10px;\">Fanelli, C.J.; Carbonaro, R.F.; Torralba-Sanchez T.; McGrath, J.A.; Parkerton, T.F.; Camenzuli, L; Redman, A.D.; Colvin, K.A.; Verhaegen, Y. &#8220;Target Lipid Model Update and Proposed Refinement of HC5 Calculation Procedure&#8221; <i> Environmental Toxicology and Chemistry<\/i> 2026 (accepted) <a href=\"https:\/\/doi.org\/10.1093\/etojnl\/vgag029\">https:\/\/doi.org\/10.1093\/etojnl\/vgag029<\/a><img decoding=\"async\" src=\"https:\/\/rich.carbonaro.me\/wordpress\/wp-content\/uploads\/2026\/02\/Screenshot-2026-02-25-075316-1.png\" alt=\"\" width=\"400\" class=\"aligncenter size-full wp-image-828\" srcset=\"https:\/\/rich.carbonaro.me\/wordpress\/wp-content\/uploads\/2026\/02\/Screenshot-2026-02-25-075316-1.png 684w, https:\/\/rich.carbonaro.me\/wordpress\/wp-content\/uploads\/2026\/02\/Screenshot-2026-02-25-075316-1-194x300.png 194w, https:\/\/rich.carbonaro.me\/wordpress\/wp-content\/uploads\/2026\/02\/Screenshot-2026-02-25-075316-1-663x1024.png 663w\" sizes=\"(max-width: 684px) 100vw, 684px\" \/><br>\r\n\r\n\r\n<li style=\"padding-left:10px;\">Rinc\u00f3n-Rodr\u00edguez, J.C.; C\u00e1rdenas-Hern\u00e1ndez, P.; Di Toro, D.M.; Allen, H.A.; Carbonaro, R.F.; Chiu, P. &#8220;Comparative Evaluation of Mediated Electrochemical Reduction and Chemical Redox Titration for Quantifying the Electron Accepting Capacities of Soils and Redox-Active Soil Constituents.&#8221; <i>Environmental Science &amp; Technology<\/i>. 2024 58(40), 17674-17684.<a href=\"https:\/\/pubs.acs.org\/doi\/10.1021\/acs.est.4c06514\"> https:\/\/pubs.acs.org\/doi\/10.1021\/acs.est.4c06514<\/a><br><img decoding=\"async\" style=\"display: block; margin-left: auto; margin-right: auto;\" src=\"https:\/\/pubs.acs.org\/cms\/10.1021\/acs.est.4c06514\/asset\/images\/medium\/es4c06514_0005.gif\"><br>\r\n\r\n<li style=\"padding-left:10px;\">C\u00e1rdenas-Hern\u00e1ndez, P.; Hickey, K.P..; Di Toro, D.M.; Allen, H.A.; Carbonaro, R.F.; Chiu, P. &#8220;A Linear Free Energy Relationship for Predicting the Rate Constants of Munition Compound Reduction by the Fe(II)-Hematite and Fe(II) Goethite Redox Couple.&#8221; <i>Environmental Science &amp; Technology<\/i>.  2023, 57, 36, 13646-13657.<\/li><br><img decoding=\"async\" style=\"display: block; margin-left: auto; margin-right: auto;\" src=\"https:\/\/pubs.acs.org\/cms\/10.1021\/acs.est.3c04714\/asset\/images\/medium\/es3c04714_0007.gif\"><br>\r\n\r\n<li style=\"padding-left:10px;\">Hickey, K.P.; C\u00e1rdenas-Hern\u00e1ndez, P.; Di Toro, D.M.; Allen, H.A.; Carbonaro, R.F.; Chiu, P. &#8220;Thermodynamic Two-Site Surface Reaction Model for Predicting Munition Constituent Reduction Kinetics with Iron (Oxyhydr)oxides.&#8221; <i>Environmental Science &amp; Technology<\/i>. 2023, 57, 33, 12411-12420. <a href=\"https:\/\/doi.org\/10.1021\/acs.est.3c02651\">https:\/\/doi.org\/10.1021\/acs.est.3c02651<\/a><\/li><br>\r\n<img decoding=\"async\" style=\"display: block; margin-left: auto; margin-right: auto;\" src=\"https:\/\/pubs.acs.org\/cms\/10.1021\/acs.est.3c02651\/asset\/images\/medium\/es3c02651_0007.gif\"><br>\r\n\r\n<li style=\"padding-left:10px;\">Murillo-Gelvez, J.; Hickey, K.P; Di Toro, D.M.; Allen, H.E.; Carbonaro, R.F.; Chiu, P.C. &#8220;Electron Transfer Energy and Hydrogen Atom Transfer Energy-based LFERs for Predicting the Rate Constants of Munitions Constituent Reduction by Hydroquinones&#8221;. <i>Environmental Science &amp; Technology<\/i>. 2023, 57, 13, 5284\u20135295.<a href=\"https:\/\/pubs.acs.org\/doi\/10.1021\/acs.est.2c08931\">https:\/\/pubs.acs.org\/doi\/10.1021\/acs.est.2c08931<\/a><\/li>\r\n<br><img decoding=\"async\" style=\"display: block; margin-left: auto; margin-right: auto;\" src=\"https:\/\/pubs.acs.org\/cms\/10.1021\/acs.est.2c08931\/asset\/images\/medium\/es2c08931_0008.gif\"><br>\r\n\r\n\r\n<li style=\"padding-left:10px;\">Platt, K.L.; Di Toro, D.M.; Carbonaro, R.F.; Bugher, N.A.; Parkerton, T.F.; Eastcott, L.J.; Imhoff, P.T. &#8220;Ferrocyanide Enhanced Evaporative Flux to Remediate Soils Contaminated With Produced Water Brine.&#8221; <i>Journal of Hazardous Materials<\/i>. 2023, 442, 130028. <a href=\"https:\/\/doi.org\/10.1016\/j.jhazmat.2022.130028\">https:\/\/doi.org\/10.1016\/j.jhazmat.2022.130028<\/a><\/li>\r\n<br><img decoding=\"async\" style=\"display: block; margin-left: auto; margin-right: auto;\" src=\"https:\/\/ars.els-cdn.com\/content\/image\/1-s2.0-S0304389422018222-ga1.jpg\"><br>\r\n\r\n\r\n<li style=\"padding-left:10px;\">Hickey, K.P.; Murillo-Gelvez, J.; Di Toro, D.M.; Allen, H.E.; Carbonaro, R.F.; Chiu, P.C.  &#8220;Modeling the Reduction Kinetics of Munition Compounds by Humic Acids.&#8221; <i>Environmental Science &amp; Technology<\/i>. 2022, 56, 8, 4926-4935.<br>\r\n<a href=\"https:\/\/pubs.acs.org\/doi\/10.1021\/acs.est.1c06130\">https:\/\/pubs.acs.org\/doi\/10.1021\/acs.est.1c06130<\/a><\/li>\r\n<br><img decoding=\"async\" style=\"display: block; margin-left: auto; margin-right: auto;\" src=\"https:\/\/pubs.acs.org\/cms\/10.1021\/acs.est.1c06130\/asset\/images\/medium\/es1c06130_0008.gif\">\r\n<br>\r\n\r\n\r\n<li style=\"padding-left:10px;\">Murillo Gelvez, J.; Di Toro, D.M.; Allen, H.A.; Carbonaro, R.F.; Chiu, P. &#8220;Reductive Transformation of 3-Nitro-1,2,4-triazol-5-one (NTO) by Leonardite Humic Acid and AQDS.&#8221; <i>Environmental Science &amp; Technology<\/i>. 2021, 55, 19, 12973\u201312983.\r\n<br>\r\n<a href=\"https:\/\/pubs.acs.org\/doi\/10.1021\/acs.est.1c03333\">https:\/\/pubs.acs.org\/doi\/10.1021\/acs.est.1c03333<\/a><\/li>\r\n<br><img decoding=\"async\" style=\"display: block; margin-left: auto; margin-right: auto;\" src=\"https:\/\/pubs.acs.org\/cms\/10.1021\/acs.est.1c03333\/asset\/images\/medium\/es1c03333_0008.gif\">\r\n<br>\r\n\r\n\r\n\r\n<li style=\"padding-left:10px;\">\r\nC\u00e1rdenas-Hern\u00e1ndez, P.; Anderson, K.; Murillo Gelvez, J.; Di Toro, D.M.; Allen, H.A.; Carbonaro, R.F.; Chiu, P. &#8220;Reduction of 3-nitro-1,2,4-triazol-5-one (NTO) by the hematite aqueous Fe(II) redox couple.&#8221;<i>Environmental Science &#038; Technology<\/i> 2020, 54, 12191-12201.\r\n<a href=\"https:\/\/pubs.acs.org\/doi\/10.1021\/acs.est.0c03872\">https:\/\/pubs.acs.org\/doi\/10.1021\/acs.est.0c03872<\/a><\/li>\r\n<br><img decoding=\"async\" style=\"display: block; margin-left: auto; margin-right: auto; width: 400px;\" src=\"\r\nhttps:\/\/pubs.acs.org\/na101\/home\/literatum\/publisher\/achs\/journals\/content\/esthag\/2020\/esthag.2020.54.issue-19\/acs.est.0c03872\/20200929\/images\/medium\/es0c03872_0008.gif\">\r\n\r\n\r\n<li style=\"padding-left:10px;\">Hickey, K.P.; Di Toro, D.M.; Allen, H.E., Carbonaro, R.F; Chiu, P.C. &#8220;A Unified Linear Free Energy Relationship for Abiotic Reduction Rate of Nitroaromatics and Hydroquinones using Quantum Chemically Estimated Energies.&#8221;<i> Environmental Toxicology and Chemistry<\/i> 2020, 39(12), 2389-2395.<a href=\"https:\/\/doi.org\/10.1002\/etc.4867\">https:\/\/doi.org\/10.1002\/etc.4867<\/a>\r\n<\/li><br>\r\n\r\n<li style=\"padding-left:10px;\">Di Toro, D.M.; Hickey, K.P.; Allen, H.E., Carbonaro, R.F; Chiu, P.C. &#8220;Hydrogen Atom Transfer Reaction Free Energy as a Predictor of Abiotic Nitroaromatic Reduction Rate Constants: A Comprehensive Analysis.&#8221;<i> Environmental Toxicology and Chemistry<\/i> 2020, 39, 1678-1684.<a href=\"https:\/\/doi.org\/10.1002\/etc.4807\">https:\/\/doi.org\/10.1002\/etc.4807<\/a>\r\n<\/li><br>\r\n\r\n\r\n<li style=\"padding-left:10px;\">Murillo-Gelvez, J; Hickey, K.P.; Di Toro, D.M.; Allen, H.E., Carbonaro, R.F; Chiu, P.C. &#8220;Experimental validation of hydrogen atom transfer gibbs free energy as a predictor of nitroaromatic reduction rate constants.&#8221; <i>Environmental Science &amp; Technology<\/i> 2019, 53(10):5816-5827.\r\n<br> \r\n<a href=\"https:\/\/doi.org\/10.1021\/acs.est.9b00910\">https:\/\/doi.org\/10.1021\/acs.est.9b00910<\/a><\/li><img decoding=\"async\" src=\"\r\nhttps:\/\/pubs.acs.org\/na101\/home\/literatum\/publisher\/achs\/journals\/content\/esthag\/2019\/esthag.2019.53.issue-10\/acs.est.9b00910\/20190514\/images\/medium\/es-2019-00910w_0005.gif\" style=\"display: block; margin-left: auto; margin-right: auto;\"><\/li>\r\n<br>\r\n\r\n<li style=\"padding-left:10px;\">Huntsman, P.; Beaudoin, R.; Rader, K.J.; Carbonaro, R. F.; Burton, G. A.; Baken, S.; Garman, E.; Waeterschoot, H. \u201cMethod Development for Determining the Removal of Metals from the Water Column under Transformation\/ Dissolution Conditions for Chronic Hazard Classification.\u201d <i>Environmental Toxicology and Chemistry<\/i> 2019, 38(9): 2032-204. \r\n<br>\r\n<a href=\"https:\/\/doi.org\/10.1002\/etc.4471\">https:\/\/doi.org\/10.1002\/etc.4471<\/a><\/li>\r\n<img decoding=\"async\" src=\"https:\/\/rich.carbonaro.me\/wordpress\/wp-content\/uploads\/2020\/02\/Huntsman-Fig-1.png\" style=\"width:500px; display: block; margin-left: auto; margin-right: auto;\">\r\n<br>\r\n\r\n<li style=\"padding-left:10px;\">Burton, G. A.; Hudson, M.; Huntsman, P.; Carbonaro, R.F.; Rader, K.J.; Waeterschoot, H.; Baken, S.; Garman, E. &#8220;Weight-Of-Evidence Approach For Assessing Removal Of Metals From The Water Column For Chronic Environmental Hazard Classification.&#8221; <i>Environmental Toxicology and Chemistry<\/i> 2019, 38(9): 1839-1849.\r\n<br>\r\n<a href=\"https:\/\/doi.org\/10.1002\/etc.4470\">https:\/\/doi.org\/10.1002\/etc.4470<\/a><\/li>\r\n<img decoding=\"async\" src=\"https:\/\/rich.carbonaro.me\/wordpress\/wp-content\/uploads\/2020\/02\/Burton-modeling-figure.png\" style=\"width:500px; display: block; margin-left: auto; margin-right: auto;\">\r\n<br>\r\n<li style=\"padding-left:10px;\">Rader, K.J.; Carbonaro, R.F; van Hullebusch, E.; Baken, S.; Delbeke, K. &#8220;The Fate of Copper Added to Surface Water:  Field and Modeling Studies&#8221; <i>Environmental Toxicology and Chemistry<\/i> 2019 38(7): 1386-1399.\r\n<br><a href=\"https:\/\/doi.org\/10.1002\/etc.4440\">https:\/\/doi.org\/10.1002\/etc.4440<\/a>\r\n<img decoding=\"async\" src=\"https:\/\/rich.carbonaro.me\/wordpress\/wp-content\/uploads\/2020\/02\/Rader-2019-Fig.png\" style=\"width:500px; display: block; margin-left: auto; margin-right: auto;\">\r\n<\/li>\r\n<br>\r\n<li style=\"padding-left:10px;\">Carbonaro, R.F.; Farley, K.J.; Delbeke, K.; Baken, S.; Arbildua, J.; Rodriguez, P.; Rader, K.J. &#8220;Modeling the Fate of Metal Concentrates in Surface Water.&#8221; <i>Environmental Toxicology and Chemistry<\/i> 2019, 38(6): 1256-1272. \r\n<br><a href=\"https:\/\/doi.org\/10.1002\/etc.4417\">https:\/\/doi.org\/10.1002\/etc.4417<\/a><\/li>\r\n\r\n<img decoding=\"async\" loading=\"lazy\" src=\"https:\/\/rich.carbonaro.me\/wordpress\/wp-content\/uploads\/2020\/12\/5Asset-1.png\" alt=\"\" width=\"588\" height=\"421\" class=\"aligncenter size-full wp-image-624\" srcset=\"https:\/\/rich.carbonaro.me\/wordpress\/wp-content\/uploads\/2020\/12\/5Asset-1.png 588w, https:\/\/rich.carbonaro.me\/wordpress\/wp-content\/uploads\/2020\/12\/5Asset-1-300x215.png 300w\" sizes=\"(max-width: 588px) 100vw, 588px\" \/>\r\n<br>\r\n<li style=\"padding-left:10px;\">Wilson, J.M., Farley, K.J. and Carbonaro, R.F. \u201cKinetics of Fe<sup>II<\/sup>-polyaminocarboxylate oxidation by molecular oxygen.\u201d <i>Geochimica et Cosmochimica Acta<\/i> 2018, 225, 116-127.<br><a href=\"https:\/\/doi.org\/10.1016\/j.gca.2018.01.012\">https:\/\/doi.org\/10.1016\/j.gca.2018.01.012<\/a>\r\n<img decoding=\"async\" src=\"https:\/\/rich.carbonaro.me\/wordpress\/wp-content\/uploads\/2019\/05\/GCA_Fe-oxidation_LFER.png\" style=\"width: 500px; display: block; margin-left: auto; margin-right: auto;\">\r\n<\/li>\r\n<br>\r\n\r\n<li style=\"padding-left:10px;\">Santos, M.A., Carbonaro, R.F.; Sharp, R.R. \u201cControl strategies for the mitigation and removal of attached manganese biofilms.\u201d <em>Journal of Environmental Engineering<\/em>&nbsp;2018, 144 (1).\r\n<br><a href=\"https:\/\/ascelibrary.org\/doi\/abs\/10.1061\/%28ASCE%29EE.1943-7870.0001288\">link<\/a><\/li>\r\n<br>\r\n<li style=\"padding-left:10px;\">Carbonaro, R.F.; Stone, A.T. \u201cOxidation of Cr<sup>III<\/sup> Aminocarboxylate Complexes by Hydrous Manganese Oxide: Products and Time Course Behaviour.\u201d <em>Environmental Chemistry<\/em> 2015, 12(1), 33-51.<br><a href=\"https:\/\/doi.org\/10.1071\/EN14041\">link<\/a><\/li>\r\n\r\n<img decoding=\"async\" src=\"https:\/\/rich.carbonaro.me\/wordpress\/wp-content\/uploads\/2020\/12\/Asset-2.png\" alt=\"\" width=\"400\" class=\"aligncenter size-full wp-image-617\" srcset=\"https:\/\/rich.carbonaro.me\/wordpress\/wp-content\/uploads\/2020\/12\/Asset-2.png 476w, https:\/\/rich.carbonaro.me\/wordpress\/wp-content\/uploads\/2020\/12\/Asset-2-300x188.png 300w\" sizes=\"(max-width: 476px) 100vw, 476px\" \/>\r\n\r\n\r\n\r\n\r\n<br>\r\n<li style=\"padding-left:10px;\">Whitehead, C.F.; Carbonaro, R.F.; Stone, A.T. \u201cAdsorption of Benzoic Acid and Related Carboxylic Acids onto FeOOH(goethite): The Low Ionic Strength Regime.\u201d <em>Aquatic Geochemistry<\/em> 2015, 21(2), 99-121.<a href=\"https:\/\/link.springer.com\/article\/10.1007\/s10498-014-9248-5\">link<\/a><\/li>\r\n<br>\r\n<li style=\"padding-left:10px;\">Carbonaro, R.F.; Mutch, R.D.; Changa-Moon, D.C.; Gupta, P.K.; Morris, J.J.; Nambiar, A.; Cordone, L.; O\u2019Loughlin, J.M. \u201cIn Situ CO<sub>2<\/sub> Sparging Part I: Neutralization of a Caustic Brine Plume and Reduction of Mercury Levels\u201d. <em>Journal of Hazardous, Toxic, and Radioactive Waste<\/em> 2015, 19 (1) C4014005.<a href=\"https:\/\/ascelibrary.org\/doi\/10.1061\/%28ASCE%29HZ.2153-5515.0000255\">link<\/a><\/li>\r\n<img decoding=\"async\" src=\"https:\/\/rich.carbonaro.me\/wordpress\/wp-content\/uploads\/2020\/12\/4Asset-2.png\" alt=\"\" width=\"550\" class=\"aligncenter size-full wp-image-622\" srcset=\"https:\/\/rich.carbonaro.me\/wordpress\/wp-content\/uploads\/2020\/12\/4Asset-2.png 848w, https:\/\/rich.carbonaro.me\/wordpress\/wp-content\/uploads\/2020\/12\/4Asset-2-300x223.png 300w, https:\/\/rich.carbonaro.me\/wordpress\/wp-content\/uploads\/2020\/12\/4Asset-2-768x570.png 768w\" sizes=\"(max-width: 767px) 89vw, (max-width: 1000px) 54vw, (max-width: 1071px) 543px, 580px\" \/>\r\n\r\n\r\n<br>\r\n\r\n\r\n<li style=\"padding-left:10px;\">Mutch, R.D.; Carbonaro, R.F.; Changa-Moon, D.C.; Gupta, P.K.; Morris, J.J.; Nambiar, A.; Cordone, L.; O\u2019Loughlin, J.M. \u201cIn Situ CO<sub>2<\/sub> Sparging Part II: Groundwater Mounding and Impacts on Aquifer Properties\u201d. <em>Journal of Hazardous, Toxic, and Radioactive Waste<\/em>, 2015, 19 (1) C4014006.\r\n<br><a href=\"https:\/\/ascelibrary.org\/doi\/abs\/10.1061\/%28ASCE%29HZ.2153-5515.0000256\">link<\/a><\/li>\r\n<br>\r\n<li style=\"padding-left:10px;\">Atalay, Y.B.; Di Toro, D.M.; Carbonaro, R.F. \u201cEstimation of Stability Constants for Metal-Ligand Complexes Containing Neutral Nitrogen Donor Atoms with Applications to Natural Organic Matter.\u201d <em>Geochimica et Cosmochimica Acta<\/em> 2013, 122 (1), 464-477.<a href=\"https:\/\/doi.org\/10.1016\/j.gca.2013.08.030\">link<\/a><\/li>\r\n<br>\r\n\r\n<li style=\"padding-left:10px;\">Lindsay, D.R.; Farley, K.J.; Carbonaro, R.F. \u201cOxidation of Cr<sup>III<\/sup> to Cr<sup>VI<\/sup> During Chlorination of Drinking Water.\u201d <em>Journal of Environmental Monitoring<\/em>&nbsp;2012 14(7), 1789-1797.<a href=\"https:\/\/dx.doi.org\/10.1039\/c2em00012a\">link<\/a><\/li>\r\n<br>\r\n<li style=\"padding-left:10px;\">Wilson, J.M.; Carbonaro, R.F. \u201cCapillary Electrophoresis Study of Iron(II) and Iron(III) Polyaminocarboxylate Complex Speciation.\u201d <em>Environmental Chemistry<\/em> 2011, 8(3), 295-303.<br><a href=\"https:\/\/www.publish.csiro.au\/EN\/EN11017\">link<\/a><\/li>\r\n<br>\r\n<li style=\"padding-left:10px;\">Farley, K. J.; Carbonaro, R.F.; Fanelli, C.J.; Costanzo, R.; Rader, K.J.; Di Toro, D.M. \u201cTICKET-UWM: A Coupled Kinetic, Equilibrium and Transport Screening Model for Metals in Lakes.\u201d <em>Environmental Toxicology and Chemistry<\/em>&nbsp;2011 30 (6), 1278-1287.<br><a href=\"https:\/\/doi.org\/10.1002\/etc.518%20\">link<\/a><\/li>\r\n<img decoding=\"async\" src=\"https:\/\/rich.carbonaro.me\/wordpress\/wp-content\/uploads\/2020\/12\/Picture1.png\" alt=\"\" width=\"700\"  class=\"aligncenter size-full wp-image-631\" srcset=\"https:\/\/rich.carbonaro.me\/wordpress\/wp-content\/uploads\/2020\/12\/Picture1.png 1783w, https:\/\/rich.carbonaro.me\/wordpress\/wp-content\/uploads\/2020\/12\/Picture1-300x105.png 300w, https:\/\/rich.carbonaro.me\/wordpress\/wp-content\/uploads\/2020\/12\/Picture1-1024x358.png 1024w, https:\/\/rich.carbonaro.me\/wordpress\/wp-content\/uploads\/2020\/12\/Picture1-768x268.png 768w, https:\/\/rich.carbonaro.me\/wordpress\/wp-content\/uploads\/2020\/12\/Picture1-1536x537.png 1536w\" sizes=\"(max-width: 767px) 89vw, (max-width: 1000px) 54vw, (max-width: 1071px) 543px, 580px\" \/>\r\n<br>\r\n<li style=\"padding-left:10px;\">Carbonaro, R.F.; Atalay, Y.; Di Toro, D.M. \u201cLinear Free Energy Relationships for Metal-Ligand complexation: Bidentate Binding to Negatively-Charged Oxygen Donor Atoms.\u201d <em>Geochimica et Cosmochimica Acta<\/em> 2011 75 (9), 2499-2511.<br><a href=\"https:\/\/doi.org\/10.1016\/j.gca.2011.02.027\">link<\/a><\/li>\r\n<br>\r\n<li style=\"padding-left:10px;\">Atalay, Y.; Carbonaro, R.F.; Di Toro, D.M. \u201cDistribution of Proton Disassociation Constants for Model Humic and Fulvic acid molecules.\u201d <em>Environmental Science &amp; Technology<\/em> 2009, 43 (10), 3626-3631.<br><a href=\"https:\/\/pubs.acs.org\/doi\/abs\/10.1021\/es803057r\">link<\/a><\/li>\r\n<br>\r\n<li style=\"padding-left:10px;\">Mendola, M.; Paul, T.; Strathmann, T.J.; Carbonaro, R. F. \u201cInvestigation of the Aquation Kinetics of the 1:2 Complex between Cr<sup>III<\/sup> and Nitrilotriacetic Acid.\u201d <em>Polyhedron<\/em> 2009, 28 (2), 269-278.<br><a href=\"https:\/\/doi.org\/10.1016\/j.poly.2008.11.018\">link<\/a><\/li>\r\n<br>\r\n<li style=\"padding-left:10px;\">Carbonaro, R.F.; Gray, B.N.; Whitehead, C.F.; Stone, A.T. &#8220;Interaction of Carboxylate-Containing Chelating Agents with Amorphous Chromium Hydroxide: Adsorption and Dissolution.&#8221; <em>Geochimica et Cosmochimica Acta<\/em> 2008, 72 (13), 3241-3257.<br><a href=\"https:\/\/doi.org\/10.1016\/j.gca.2008.04.010\">link<\/a><\/li>\r\n<img decoding=\"async\" src=\"https:\/\/rich.carbonaro.me\/wordpress\/wp-content\/uploads\/2020\/12\/Asset-1.png\" alt=\"\" width=\"400\" class=\"aligncenter size-full wp-image-620\" srcset=\"https:\/\/rich.carbonaro.me\/wordpress\/wp-content\/uploads\/2020\/12\/Asset-1.png 458w, https:\/\/rich.carbonaro.me\/wordpress\/wp-content\/uploads\/2020\/12\/Asset-1-300x198.png 300w\" sizes=\"(max-width: 458px) 100vw, 458px\" \/>\r\n\r\n<br>\r\n<li style=\"padding-left:10px;\">Naka, D.; Kim, D.; Carbonaro, R.F.; Strathmann, T.J. &#8220;Abiotic Reduction of Nitroaromatic Contaminants by Iron(II) Complexes with Organothiol Ligands.&#8221; <em>Environmental Toxicology and Chemistry<\/em> 2008, 27 (6), 1257-1266.<br><a href=\"https:\/\/doi.org\/10.1897\/07-505.1\">link<\/a><\/li>\r\n<br>\r\n<li style=\"padding-left:10px;\">Carbonaro, R.F.; Di Toro, D.M. Linear Free Energy Relationships for Metal-Ligand Complexation: Monodentate Binding to Negatively-Charged Oxygen Donor Atoms. <em>Geochimica et Cosmochimica Acta<\/em> 2007, 71 (16), 3958-3968.<br><a href=\"https:\/\/doi.org\/10.1016\/j.gca.2007.06.005\"> link<\/a><\/li>\r\n<br>\r\n<li style=\"padding-left:10px;\">Rader, K.J.; Bisceglia, K.J.; Carbonaro, R.F.; Farley, K.J.; Mahony, J.D.; Di Toro, D.M. Iron(II)-catalyzed oxidation of Arsenic(III) in a sediment column. <em>Environmental Science &amp; Technology<\/em> 2005, 39, 9217-9222.<br><a href=\"https:\/\/pubs.acs.org\/doi\/abs\/10.1021\/es051271i\">link<\/a><\/li>\r\n<br>\r\n<li style=\"padding-left:10px;\">Carbonaro, R. F.; Mahony, J. D.; Walter, A.D.; Halper, E. B.; Di Toro, D. M. Experimental and Modeling Investigation of Metal Release from Metal-Spiked Sediments. <em>Environmental Toxicology and Chemistry<\/em> 2005, 24(12), 3007-3019.<br><a href=\"https:\/\/doi.org\/10.1897\/05-011R.1\">https:\/\/doi.org\/10.1897\/05-011R.1<\/a><br><img decoding=\"async\" src=\"https:\/\/rich.carbonaro.me\/wordpress\/wp-content\/uploads\/2019\/05\/ETC_Metal_spike_Fig4.png\" style=\"width: 550px; display: block; margin-left: auto; margin-right: auto;\"><\/li>\r\n<br>\r\n<li style=\"padding-left:10px;\">Carbonaro, R. F.; Stone, A. T. Capillary Electrophoresis Analysis of Chromium(III) and Cobalt(III) (Amino)carboxylate Speciation. <em>Analytical Chemistry<\/em> 2005, 77, 155-164.<br> <a href=\"https:\/\/doi.org\/10.1021\/ac048860b\">https:\/\/doi.org\/10.1021\/ac048860b<\/a><br><\/li><\/ol>\r\n<img decoding=\"async\" loading=\"lazy\" src=\"https:\/\/rich.carbonaro.me\/wordpress\/wp-content\/uploads\/2020\/12\/6Asset-1.png\" alt=\"\" width=\"1736\" height=\"346\" class=\"aligncenter size-full wp-image-633\" srcset=\"https:\/\/rich.carbonaro.me\/wordpress\/wp-content\/uploads\/2020\/12\/6Asset-1.png 1736w, https:\/\/rich.carbonaro.me\/wordpress\/wp-content\/uploads\/2020\/12\/6Asset-1-300x60.png 300w, https:\/\/rich.carbonaro.me\/wordpress\/wp-content\/uploads\/2020\/12\/6Asset-1-1024x204.png 1024w, https:\/\/rich.carbonaro.me\/wordpress\/wp-content\/uploads\/2020\/12\/6Asset-1-768x153.png 768w, https:\/\/rich.carbonaro.me\/wordpress\/wp-content\/uploads\/2020\/12\/6Asset-1-1536x306.png 1536w\" sizes=\"(max-width: 767px) 89vw, (max-width: 1000px) 54vw, (max-width: 1071px) 543px, 580px\" \/>\r\n\r\n","protected":false},"excerpt":{"rendered":"<p>JOURNAL ARTICLES Carbonaro, R.F.; Torralba-Sanchez, T; Christensen, K. P.; Butler, J.D.; Hedgpeth, B.M.; Redman, A.D. &#8220;A Meta Analysis of Acute and Chronic Major Ion Toxicity to Ceriodaphnia dubia&#8221; Environmental Toxicology and Chemistry 2026 (accepted) Fanelli, C.J.; Carbonaro, R.F.; Torralba-Sanchez T.; McGrath, J.A.; Parkerton, T.F.; Camenzuli, L; Redman, A.D.; Colvin, K.A.; Verhaegen, Y. &#8220;Target Lipid Model &hellip; <\/p>\n<p class=\"link-more\"><a href=\"https:\/\/rich.carbonaro.me\/wordpress\/index.php\/pubs\/\" class=\"more-link\">Continue reading<span class=\"screen-reader-text\"> &#8220;Publications&#8221;<\/span><\/a><\/p>\n","protected":false},"author":2,"featured_media":0,"parent":0,"menu_order":3,"comment_status":"closed","ping_status":"closed","template":"","meta":[],"_links":{"self":[{"href":"https:\/\/rich.carbonaro.me\/wordpress\/index.php\/wp-json\/wp\/v2\/pages\/23"}],"collection":[{"href":"https:\/\/rich.carbonaro.me\/wordpress\/index.php\/wp-json\/wp\/v2\/pages"}],"about":[{"href":"https:\/\/rich.carbonaro.me\/wordpress\/index.php\/wp-json\/wp\/v2\/types\/page"}],"author":[{"embeddable":true,"href":"https:\/\/rich.carbonaro.me\/wordpress\/index.php\/wp-json\/wp\/v2\/users\/2"}],"replies":[{"embeddable":true,"href":"https:\/\/rich.carbonaro.me\/wordpress\/index.php\/wp-json\/wp\/v2\/comments?post=23"}],"version-history":[{"count":10,"href":"https:\/\/rich.carbonaro.me\/wordpress\/index.php\/wp-json\/wp\/v2\/pages\/23\/revisions"}],"predecessor-version":[{"id":833,"href":"https:\/\/rich.carbonaro.me\/wordpress\/index.php\/wp-json\/wp\/v2\/pages\/23\/revisions\/833"}],"wp:attachment":[{"href":"https:\/\/rich.carbonaro.me\/wordpress\/index.php\/wp-json\/wp\/v2\/media?parent=23"}],"curies":[{"name":"wp","href":"https:\/\/api.w.org\/{rel}","templated":true}]}}